Determine z(i).
13
Suppose 0 = -2383*u + 2370*u - 208. Let z(v) = 2*v**2 + 26*v - 98. Determine z(u).
-2
Let z(s) = -3*s + 49. Let p be 32/(-176) + (1 - (-233)/11) - 0. Give z(p).
-17
Let p(r) = -5565 - 63*r + 2775 + 34*r**2 + 2761 - r**3. Give p(32).
3
Let c = 12 + -18. Let r be (5 - (1 - 5)) + (-1 - -4). Let l = c + r. Let i(u) = u**3 - 7*u**2 + 7*u - 1. Determine i(l).
5
Let k(c) = 2*c**3 + c**2 - 2*c + 1. Let d be k(1). Suppose l - d*m = 11, l + 2*m - 3*m = 6. Let g(j) = -18*j**2 + 23*j**2 + 2*j - 7*j**2 - 5 + l. Give g(3).
-16
Let j(f) = -f - 4. Suppose -5*h + 81 = 61. Suppose 24 = 4*b + 4*w, -h*w - 3 = b - 9. What is j(b)?
-10
Let r(d) be the third derivative of -d**6/120 - 2*d**5/15 - d**4/8 + d**3/6 - 2561*d**2. Calculate r(-5).
-59
Let y = 51 - 452. Let q = -393 - y. Let h(n) = n**3 - 7*n**2 - 11*n + 7. Calculate h(q).
-17
Let b = -13 - -19. Let n(a) = 87*a + 917. Let t(x) = 33*x + 347. Let l(v) = -14*n(v) + 37*t(v). Determine l(b).
19
Let z(k) = -57 + 30 - 2*k - 5*k**2 + 23 + 13*k + 3*k**2. What is z(3)?
11
Suppose 98*n = 112*n - 28. Let g be n/(4/(-10)*20/12). Let x(u) = u**3 + 2*u**2 + 2*u + 1. Calculate x(g).
-14
Let d be -3*1*(-32)/12. Let m(o) = 19*o + 2. Let c(b) = -79*b + 11. Let v(i) = -c(i) - 4*m(i). Give v(d).
5
Let o(b) be the third derivative of 3*b**6/40 - b**5/20 - b**4/12 - b**3/6 - 51*b**2 - 10*b. Give o(-2).
-81
Let p be 855/(-35) - 10*4/70. Let l(s) = 2*s**2 + 49*s - 13. Give l(p).
12
Let r = -354 + 349. Let x be -2 - 50/r - 11. Let w(n) = -4*n + 1. Calculate w(x).
13
Let k(a) = 26*a**2 + 8*a - 30. Let b(x) = -77*x**2 - 20*x + 85. Let z(o) = -6*b(o) - 17*k(o). Give z(1).
4
Let a(z) = 83*z + 156. Suppose -3*o - 703 + 709 = -6*o. Calculate a(o).
-10
Let j(b) = -3*b + 30. Suppose 898 = -109*v + 2533. Determine j(v).
-15
Let s = 40 - 38. Let g(o) = -11*o**s - 9 + 0*o + 16 - o + o**3. Determine g(11).
-4
Let f(a) = a**3 - 6*a**2 - 6*a - 10. Suppose 4*s + 49 = 3*i + 13, s - 2*i + 14 = 0. Let z be 7/(105/s)*140*1. Let w = z + 63. Determine f(w).
-3
Let i(m) = 33*m**2 - 2*m + 20. Let y(p) = 14*p**2 - p + 9. Let g(u) = -3*i(u) + 7*y(u). Calculate g(5).
-27
Let i(t) = -t - 15. Let w(j) = -33*j - 1. Let r be w(1). Suppose 65*q + 328 = 135*q + 2708. Let m = q - r. Calculate i(m).
-15
Let y(z) = 3*z**3 + 3*z**2 - 5*z**3 + 9*z**3 - 8*z**3 + 3 + 4*z - 4*z**2. Calculate y(-3).
9
Let p(d) = -d + 2. Let s(w) = 2*w**3 - 15*w**2 + w + 1. Let m(i) = -p(i) + s(i). Determine m(7).
-36
Let b = -306 + 313. Suppose -2*x + 12 = -4*v, -4*v = -4*x - 8*v. Let u(y) = -6*y**2 + y + b*y**x - 1 - 2*y**2 + 25*y**3. What is u(1)?
24
Let y(t) = -321*t - 5143. Let c be y(-16). Let s(x) = -16*x - 82. Determine s(c).
30
Let b(x) = 21*x + 87. Let i be b(-4). Let f(l) be the third derivative of 0 + 1/3*l**3 + 3*l**2 + 0*l + 1/60*l**5 - 1/8*l**4. What is f(i)?
2
Let i(x) be the third derivative of x**7/840 + 7*x**6/360 - x**5/15 - x**4/3 + 28*x**3/3 + 61*x**2. Let o(w) be the first derivative of i(w). What is o(-8)?
-8
Let m(n) = -n**2 - 14*n + 93. Suppose 23*j - 342 = 41*j. Let l be m(j). Let u(r) = r**3 + 3*r**2 - 4*r - 3. Calculate u(l).
9
Let c(b) be the third derivative of 0 + 1/3*b**4 + 64*b**2 - 5/6*b**3 - 2*b. Give c(2).
11
Let f be 2/(((-828)/(-621))/((-11)/(-3) + 1)). Let h(y) = -y**2 - 3*y - 4. What is h(f)?
-74
Let r = 45201 + -45217. Let u(a) = -2*a - 66. What is u(r)?
-34
Let b(j) = -j**2 + 54*j - 374. Let x be b(46). Let m(r) = -r**2 + 6*r - 3. What is m(x)?
-75
Let m(i) = -2*i**2 - 39*i + 81*i - i**3 - 6 - 3 - 35*i. Let h be m(-5). Let w = -26 + h. Let o(a) = a**2 - 5*a + 7. Determine o(w).
7
Let z(j) = 8*j - 2. Suppose 13*b = 12*b + 9. Suppose -q = 4*q - 10, -3*l + 3*q = -b. Suppose 0 = -w + l*f + 7, -f + 5*f = 3*w - 10. Calculate z(w).
14
Suppose 0 = -3*o, 33*t - 36*t + o - 5*o = 0. Let l(s) = s**3 - s + 38. What is l(t)?
38
Let j(q) = -151*q - 158*q + 2 + 304*q - 11 + 0. Calculate j(4).
-29
Let u(d) = d**3 + 16*d**2 + 40*d + 17. Let m be u(-13). Let b(w) = w**2 - 11*w + 3. Give b(m).
-25
Let c(u) be the second derivative of -u + 1/2*u**3 + 9/2*u**2 + 3. Determine c(-7).
-12
Let j(q) = 42*q - 8. Suppose -5*h = -106 + 106. Let f be j(h). Let z(t) = -t**2 - 6*t - 10. What is z(f)?
-26
Let d(g) = g**2 + 23*g - 244. Let y = -8704 + 8673. Determine d(y).
4
Let j be 1 + -17 - (-125)/125. Let n(x) = 8*x - 22. Give n(j).
-142
Let d be (-20)/8*122/305. Let m(g) = 22*g + 29. Determine m(d).
7
Let y(g) = 11*g**2 + 3*g**3 + g**3 + 15 + 24 - 12 + 13*g - 3*g**3. Let i be y(-10). Let v(x) = x**2 + 4*x. Calculate v(i).
-3
Let h(j) be the second derivative of 2*j**3/3 - 31*j**2/2 - j + 209. Determine h(7).
-3
Suppose -3*l = -x + 143, 4*x - 8*x - 2*l + 530 = 0. Suppose -4*a - 2*s - 147 = 3*s, 0 = -3*a + s - x. Let n = a + 46. Let m(r) = -r**2 + 3. Give m(n).
-6
Let h(n) = -57*n + 2. Let k(o) = -167*o - 6. Let r(b) = -3*h(b) + k(b). Calculate r(4).
4
Let g(x) = -2*x**2 - 3*x - 2. Let d be -13*2/((-6)/9). Let c = 279 - 320. Let j = d + c. What is g(j)?
-4
Let g(i) = -2*i + 24. Let l be g(11). Suppose 2*s = 4*n - 44 - 38, -2*s - 36 = -l*n. Let j = 16 - n. Let k(p) = -p**2 - 6*p + 3. Calculate k(j).
-4
Let j(q) = 44 + 35 - 160 - 6*q. Give j(-15).
9
Suppose 11*f - 88 = 121. Let z = -25 + f. Let q(g) = g + 9. Determine q(z).
3
Suppose 2*t + 2*t - 20 = 0. Let w(p) = -p**2 - 6*p - t - 1 + 0 - 3. Let q be 23/(-4) - (-29)/(-116). What is w(q)?
-9
Let g = -10550 - -10546. Let k(z) = -30*z - 123. Determine k(g).
-3
Let l(o) be the third derivative of -1/12*o**4 - 2/3*o**3 + 0 + 74*o**2 - 1/60*o**5 + 0*o. Give l(0).
-4
Let s(h) be the first derivative of h**3/3 + 7*h**2/2 - 7*h + 7. Suppose -3*v + 4*v + 8 = 0. Calculate s(v).
1
Let m(u) = 8 - 22*u**3 + 21*u**3 + u + 4*u**2 + u**2 - 3. Suppose -55*j - 212*j - 3*j = -1350. Calculate m(j).
10
Let o be (17/34)/((-1)/20). Let g = -18 - o. Let d be (-4)/(-22) + g/44. Let u(t) = -t**3 + t**2 - t - 2. Calculate u(d).
-2
Let d(m) be the first derivative of m**4/4 + 4*m**3/3 - 4*m - 48. Let a(x) = -x**2 + 5*x + 11. Let j be a(5). Suppose -6*t = 7 + j. Determine d(t).
5
Let j = -890 + 895. Suppose 12 = 4*l - 0*l. Let d(a) = -a**l + 6*a + 13*a**2 + j + 14*a**2 - 31*a**2 + 0*a. Give d(-5).
0
Let t(m) = 5*m**2 + 9*m - 19. Let g(q) = -9*q**2 - 17*q + 34. Let u(d) = 6*g(d) + 11*t(d). Let o(y) = -y - 4. Let r be o(-2). Determine u(r).
5
Let z(o) = 141*o - 855. Let r be z(6). Let b(j) = j**3 + 10*j**2 + 11*j - 9. Give b(r).
-27
Suppose -3*v + 16 = 2*p, v + 5*p - 2 = 25. Let b(r) = 5*r**2 + 4*r + 4. Let h(i) = 6*i**2 + 5*i + 5. Let y(q) = -5*b(q) + 4*h(q). What is y(v)?
-4
Let s be 0/2*16/48. Let d(a) be the second derivative of a**3/6 + a**2/2 - 31*a. Give d(s).
1
Let q be ((-1)/2)/(2/(-20)). Suppose -3*k + 10*k + 7*k = 0. Let t(j) = k*j - 690 + 684 - 6*j + j**2. What is t(q)?
-11
Let m = 2340 - 2335. Let c(h) = -h**3 + 4*h**2 + 1. Calculate c(m).
-24
Let f(b) be the second derivative of -7*b**4/6 + b**3/6 + 1106*b. Suppose 0 = -3*q + q + 2*t + 2, 0 = -4*q - 3*t + 4. Calculate f(q).
-13
Let f(v) = 8*v + 2. Let a(n) = -6 - 6*n + 7 - n + 8. Let w be a(7). Let i = w + 37. Determine f(i).
-22
Let k(z) be the first derivative of -z**7/420 + z**5/40 + z**4/24 - 2*z**3 - z + 48. Let b(c) be the third derivative of k(c). Determine b(-2).
11
Let q = 16955 - 16950. Let d(z) = -z**3 + 5*z + 9. Determine d(q).
-91
Let t = -4 + 2. Let o(c) = -12345*c**2 + 24679*c**2 - 12335*c**2 - 1. What is o(t)?
-5
Suppose 4*y - 5 = 2*y + c, 2*y = -3*c + 25. Let u(l) = -28*l + 7. Let g(t) = 16*t - 4. Let p(o) = y*g(o) + 3*u(o). Determine p(5).
-19
Let p(g) = -2*g**2 - 2*g + 3. Let h be p(0). Let r(v) = v - 6*v - 9 - 25 + h*v + 0*v. Determine r(-15).
-4
Let r = -139701 + 139702. Let c(t) = 6*t**2 + 0*t**2 + 1 + 2*t**2. What is c(r)?
9
Let u(h) = -h**3 - 13*h**2 + 5*h - 29. Let s be u(-14). Let z(p) = 19 - s*p - 7 + 97*p + p**2. Calculate z(0).
12
Let b(y) be the first derivative of -y**2 - 1/4*y**4 + 25 - 5/3*y**3 - y. Determine b(-3).
-13
Let x(b) = -679*b + 224*b + 228*b + 226*b - 14. What is x(-14)?
0
Suppose 0*q - 15 = 3*q. Let v(f) = 3*f**3 + 6*f**2 - 6. Let b(o) = -4*o**3 - 7*o**2 + 7. Let i(n) = q*v(n) - 4*b(n). Let u = -352 + 355. Calculate i(u).
11
Let v(x) be the first derivative of -x**4/24 - 7*x**3/6 + x**2/2 + 3*x - 158. Let r(y) be the second deriv